{"id":10,"date":"2016-02-10T22:31:58","date_gmt":"2016-02-10T22:31:58","guid":{"rendered":"http:\/\/corluopel.com.tr\/?page_id=10"},"modified":"2017-01-23T14:18:09","modified_gmt":"2017-01-23T14:18:09","slug":"iletisim","status":"publish","type":"page","link":"https:\/\/corluopel.com.tr\/?page_id=10","title":{"rendered":"\u0130LET\u0130\u015e\u0130M"},"content":{"rendered":"<p>Sizi yolda b\u0131rakmamak i\u00e7in her t\u00fcrl\u00fc haz\u0131rl\u0131\u011f\u0131m\u0131z\u0131 yapt\u0131k 7 g\u00fcn 24 saat yol yard\u0131m arac\u0131m\u0131z ve anla\u015fmal\u0131 \u00e7ekicilerimiz hizmetinizde. Sadece bir telefonunuzla hemen yan\u0131n\u0131zda oluruz<\/p>\n\n<p><strong>Adres:<\/strong> Yeni Sanayi Sitesi 04M Blok No:7 \u00c7orlu Tekirda\u011f<br \/>\n<strong>Telefon:<\/strong>0282 673 27 57<br \/>\n<strong>Gsm:<\/strong>0532 600 37 51<\/p>\n","protected":false},"excerpt":{"rendered":"<p>Sizi yolda b\u0131rakmamak i\u00e7in her t\u00fcrl\u00fc haz\u0131rl\u0131\u011f\u0131m\u0131z\u0131 yapt\u0131k 7 g\u00fcn 24 saat yol yard\u0131m arac\u0131m\u0131z ve anla\u015fmal\u0131 \u00e7ekicilerimiz hizmetinizde. Sadece bir telefonunuzla hemen yan\u0131n\u0131zda oluruz Adres: Yeni Sanayi Sitesi 04M Blok No:7 \u00c7orlu Tekirda\u011f Telefon:0282 673 27 57 Gsm:0532 600 37 51<\/p>\n","protected":false},"author":1,"featured_media":0,"parent":0,"menu_order":0,"comment_status":"closed","ping_status":"closed","template":"","meta":[],"_links":{"self":[{"href":"https:\/\/corluopel.com.tr\/index.php?rest_route=\/wp\/v2\/pages\/10"}],"collection":[{"href":"https:\/\/corluopel.com.tr\/index.php?rest_route=\/wp\/v2\/pages"}],"about":[{"href":"https:\/\/corluopel.com.tr\/index.php?rest_route=\/wp\/v2\/types\/page"}],"author":[{"embeddable":true,"href":"https:\/\/corluopel.com.tr\/index.php?rest_route=\/wp\/v2\/users\/1"}],"replies":[{"embeddable":true,"href":"https:\/\/corluopel.com.tr\/index.php?rest_route=%2Fwp%2Fv2%2Fcomments&post=10"}],"version-history":[{"count":5,"href":"https:\/\/corluopel.com.tr\/index.php?rest_route=\/wp\/v2\/pages\/10\/revisions"}],"predecessor-version":[{"id":78,"href":"https:\/\/corluopel.com.tr\/index.php?rest_route=\/wp\/v2\/pages\/10\/revisions\/78"}],"wp:attachment":[{"href":"https:\/\/corluopel.com.tr\/index.php?rest_route=%2Fwp%2Fv2%2Fmedia&parent=10"}],"curies":[{"name":"wp","href":"https:\/\/api.w.org\/{rel}","templated":true}]}}